usands digit of 427769?
4
What is the thousands digit of 6141270?
1
What is the hundred thousands digit of 1175646?
1
What is the hundred thousands digit of 2507292?
5
What is the units digit of 19646781?
1
What is the ten millions digit of 10273229?
1
What is the tens digit of 1509952?
5
What is the millions digit of 9605856?
9
What is the ten thousands digit of 253771?
5
What is the hundred thousands digit of 3880332?
8
What is the thousands digit of 2732593?
2
What is the hundred thousands digit of 406715?
4
What is the ten thousands digit of 6469193?
6
What is the hundreds digit of 351792?
7
What is the hundreds digit of 1295735?
7
What is the tens digit of 14849068?
6
What is the hundred thousands digit of 5653151?
6
What is the hundred thousands digit of 505574?
5
What is the hundreds digit of 241688?
6
What is the ten thousands digit of 544648?
4
What is the thousands digit of 5169787?
9
What is the tens digit of 215963?
6
What is the hundred thousands digit of 15547501?
5
What is the thousands digit of 1986183?
6
What is the thousands digit of 67227?
7
What is the thousands digit of 3107161?
7
What is the millions digit of 19657325?
9
What is the units digit of 518875?
5
What is the ten thousands digit of 1470743?
7
What is the hundreds digit of 30887093?
0
What is the thousands digit of 3259660?
9
What is the tens digit of 350414?
1
What is the units digit of 5210026?
6
What is the millions digit of 1019350?
1
What is the hundred thousands digit of 377852?
3
What is the thousands digit of 13105277?
5
What is the thousands digit of 845937?
5
What is the ten thousands digit of 850480?
5
What is the thousands digit of 13718?
3
What is the thousands digit of 690320?
0
What is the hundred thousands digit of 3640117?
6
What is the tens digit of 2331417?
1
What is the hundreds digit of 260521?
5
What is the millions digit of 21313914?
1
What is the tens digit of 637270?
7
What is the ten thousands digit of 325943?
2
What is the ten thousands digit of 2045650?
4
What is the millions digit of 5888091?
5
What is the tens digit of 235440?
4
What is the units digit of 144089?
9
What is the millions digit of 1411703?
1
What is the thousands digit of 3121319?
1
What is the thousands digit of 7188835?
8
What is the hundreds digit of 7289988?
9
What is the thousands digit of 358823?
8
What is the hundreds digit of 2472445?
4
What is the hundreds digit of 201099?
0
What is the thousands digit of 141023?
1
What is the units digit of 15907266?
6
What is the hundred thousands digit of 19113604?
1
What is the ten thousands digit of 839811?
3
What is the thousands digit of 9105328?
5
What is the hundreds digit of 1553552?
5
What is the units digit of 5808651?
1
What is the ten thousands digit of 46927?
4
What is the units digit of 23547152?
2
What is the tens digit of 13901?
0
What is the units digit of 249273?
3
What is the units digit of 708049?
9
What is the ten thousands digit of 5130025?
3
What is the hundred thousands digit of 466375?
4
What is the thousands digit of 690830?
0
What is the ten thousands digit of 113847?
1
What is the thousands digit of 4152059?
2
What is the thousands digit of 373528?
3
What is the ten thousands digit of 1204201?
0
What is the tens digit of 682673?
7
What is the thousands digit of 2161295?
1
What is the ten thousands digit of 25730731?
3
What is the ten thousands digit of 5366590?
6
What is the hundreds digit of 150721?
7
What is the tens digit of 866181?
8
What is the tens digit of 526632?
3
What is the thousands digit of 503519?
3
What is the ten thousands digit of 1435006?
3
What is the hundred thousands digit of 1503233?
5
What is the units digit of 2796076?
6
What is the tens digit of 423372?
7
What is the thousands digit of 5616818?
6
What is the ten thousands digit of 18134343?
3
What is the tens digit of 3034380?
8
What is the units digit of 349808?
8
What is the millions digit of 2314291?
2
What is the thousands digit of 157015?
7
What is the ten thousands digit of 205821?
0
What is the tens digit of 1126800?
0
What is the hundred thousands digit of 264259?
2
What is the hundreds digit of 90078?
0
What is the hundred thousands digit of 137395?
1
What is the units digit of 417502?
2
What is the ten millions digit of 28304541?
2
What is the tens digit of 2570368?
6
What is the hundreds digit of 4033579?
5
What is the tens digit of 865893?
9
What is the millions digit of 1353127?
1
What is the ten thousands digit of 195376?
9
What is the units digit of 24571397?
7
What is the hundred thousands digit of 4129470?
1
What is the hundred thousands digit of 135112?
1
What is the units digit of 4828498?
8
What is the tens digit of 57818?
1
What is the millions digit of 1832384?
1
What is the ten thousands digit of 65191?
6
What is the tens digit of 36131?
3
What is the tens digit of 194614?
1
What is the thousands digit of 11000956?
0
What is the hundreds digit of 295575?
5
What is the ten thousands digit of 1829258?
2
What is the hundred thousands digit of 651422?
6
What is the ten thousands digit of 646894?
4
What is the millions digit of 1250081?
1
What is the hundreds digit of 5392949?
9
What is the tens digit of 3096301?
0
What is the thousands digit of 372421?
2
What is the thousands digit of 873110?
3
What is the tens digit of 950150?
5
What is the hundreds digit of 27415?
4
What is the units digit of 686126?
6
What is the thousands digit of 68237?
8
What is the hundreds digit of 126850?
8
What is the ten thousands digit of 3250506?
5
What is the tens digit of 447522?
2
What is the units digit of 670580?
0
What is the hundreds digit of 206553?
5
What is the tens digit of 4675642?
4
What is the hundred thousands digit of 233063?
2
What is the hundred thousands digit of 220132?
2
What is the tens digit of 1236156?
5
What is the thousands digit of 1685156?
5
What is the tens digit of 467174?
7
What is the units digit of 11412898?
8
What is the hundreds digit of 4861133?
1
What is the tens digit of 115435?
3
What is the thousands digit of 4597541?
7
What is the thousands digit of 18646265?
6
What is the hundred thousands digit of 187888?
1
What is the units digit of 129897?
7
What is the tens digit of 5192675?
7
What is the hundred thousands digit of 426271?
4
What is the thousands digit of 1766854?
6
What is the ten thousands digit of 2718320?
1
What is the ten thousands digit of 380682?
8
What is the units digit of 508916?
6
What is the units digit of 875375?
5
What is the hundreds digit of 4124462?
4
What is the tens digit of 601504?
0
What is the units digit of 399074?
4
What is the units digit of 242636?
6
What is the units digit of 957005?
5
What is the tens digit of 7573236?
3
What is the hundred thousands digit of 14144497?
1
What is the units digit of 170005?
5
What is the tens digit of 2309168?
6
What is the hundreds digit of 336647?
6
What is the thousands digit of 25651200?
1
What is the millions digit of 27650224?
7
What is the units digit of 166914?
4
What is the ten thousands digit of 239695?
3
What is the tens digit of 295696?
9
What is the units digit of 9157025?
5
What is the tens digit of 529129?
2
What is the units digit of 12811208?
8
What is the tens digit of 247369?
6
What is the tens digit of 2676008?
0
What is the hundreds digit of 8117688?
6
What is the hundreds digit of 11143286?
2
What is the tens digit of 17871292?
9
What is the ten thousands digit of 9416770?
1
What is the thousands digit of 2322697?
2
What is the hundreds digit of 129976?
9
What is the tens digit of 179852?
5
What is the hundred thousands digit of 2492691?
4
What is the ten thousands digit of 737499?
3
What is the tens digit of 6984200?
0
What is the units digit of 1460639?
9
What is the hundreds digit of 1914155?
1
What is the ten thousands digit of 50761?
5
What is the tens digit of 201063?
6
What is the thousands digit of 126317?
6
What is the thousands digit of 663341?
3
What is the ten thousands digit of 212675?
1
What is the thousands digit of 165513?
5
What is the hundreds digit of 176055?
0
What is the units digit of 31310268?
8
What is the hundred thousands digit of 989286?
9
What is the tens digit of 11075718?
1
What is the units digit of 54658?
8
What is the ten thousands digit of 3690711?
9
What is the